{"id":1209,"date":"2018-06-29T10:47:51","date_gmt":"2018-06-29T08:47:51","guid":{"rendered":"https:\/\/normisjon.dev11.dekodes.no\/sof\/?page_id=1209"},"modified":"2018-06-29T10:49:41","modified_gmt":"2018-06-29T08:49:41","slug":"bli-med-i-be-gjengen","status":"publish","type":"page","link":"https:\/\/normisjon.dev11.dekodes.no\/sof\/forside\/engasjer-deg\/bli-med-i-be-gjengen\/","title":{"rendered":"Bli med i Be-gjengen"},"content":{"rendered":"<div id=\"module-0\" class=\"hogan-module hogan-module-image hogan-module-0 hogan-image-size-large\"><div class=\"hogan-module-inner\"><figure class=\"wp-caption size-large\"><img loading=\"lazy\" decoding=\"async\" width=\"1024\" height=\"914\" src=\"https:\/\/normisjon.dev11.dekodes.no\/content\/uploads\/sites\/19\/2018\/06\/3493592912_281d5f451f_o-e1530262165254-1024x914.jpg\" class=\"attachment-large size-large\" alt=\"\" srcset=\"https:\/\/normisjon.dev11.dekodes.no\/content\/uploads\/sites\/19\/2018\/06\/3493592912_281d5f451f_o-e1530262165254-1024x914.jpg 1024w, https:\/\/normisjon.dev11.dekodes.no\/content\/uploads\/sites\/19\/2018\/06\/3493592912_281d5f451f_o-e1530262165254-300x268.jpg 300w, https:\/\/normisjon.dev11.dekodes.no\/content\/uploads\/sites\/19\/2018\/06\/3493592912_281d5f451f_o-e1530262165254-768x685.jpg 768w, https:\/\/normisjon.dev11.dekodes.no\/content\/uploads\/sites\/19\/2018\/06\/3493592912_281d5f451f_o-e1530262165254-960x857.jpg 960w, https:\/\/normisjon.dev11.dekodes.no\/content\/uploads\/sites\/19\/2018\/06\/3493592912_281d5f451f_o-e1530262165254.jpg 1197w\" sizes=\"auto, (max-width: 1024px) 100vw, 1024px\" \/><figcaption class=\"hogan-caption wp-caption-text\">Foto: Andreas, <a href=\"http:\/\/bit.ly\/2tP0q0Z\">Flickr.com<\/a>\n<\/figcaption><\/figure><\/div><\/div><div id=\"module-1\" class=\"hogan-module hogan-module-text hogan-module-1\"><div class=\"hogan-module-inner\"><p>Be-gjengen er folk rundt omkring, b\u00e5de ungdomar, vaksne og eldre som tek imot sms eller e-post med b\u00f8neemne fr\u00e5 Normisjon\/Acta Sogn og Fjordane ca. kvar 2 &#8211; 4 veke. Ein ber for leirarbeidet og anna som skjer i regionen v\u00e5r.<\/p>\n<p>B\u00f8n er eit sv\u00e6rt viktig arbeid i Guds rike. Bli gjerne med!<br \/>\nSend sms til 92 03 12 19 eller e-post til iif@normisjon.no dersom du vil vere med.<\/p><\/div><\/div>","protected":false},"excerpt":{"rendered":"<p>Foto: Andreas, Flickr.com Be-gjengen er folk rundt omkring, b\u00e5de ungdomar, vaksne og eldre som tek imot sms eller e-post med b\u00f8neemne fr\u00e5 Normisjon\/Acta Sogn og [&hellip;]<\/p>\n","protected":false},"author":16,"featured_media":1210,"parent":319,"menu_order":0,"comment_status":"closed","ping_status":"closed","template":"","meta":{"_acf_changed":false,"footnotes":""},"class_list":["post-1209","page","type-page","status-publish","has-post-thumbnail","hentry"],"acf":[],"yoast_head":"<!-- This site is optimized with the Yoast SEO plugin v25.9 - https:\/\/yoast.com\/wordpress\/plugins\/seo\/ -->\n<title>Bli med i Be-gjengen - Region Sogn og Fjordane<\/title>\n<meta name=\"robots\" content=\"index, follow, max-snippet:-1, max-image-preview:large, max-video-preview:-1\" \/>\n<link rel=\"canonical\" href=\"https:\/\/normisjon.dev11.dekodes.no\/sof\/forside\/engasjer-deg\/bli-med-i-be-gjengen\/\" \/>\n<meta property=\"og:locale\" content=\"nb_NO\" \/>\n<meta property=\"og:type\" content=\"article\" \/>\n<meta property=\"og:title\" content=\"Bli med i Be-gjengen - Region Sogn og Fjordane\" \/>\n<meta property=\"og:description\" content=\"Foto: Andreas, Flickr.com Be-gjengen er folk rundt omkring, b\u00e5de ungdomar, vaksne og eldre som tek imot sms eller e-post med b\u00f8neemne fr\u00e5 Normisjon\/Acta Sogn og [&hellip;]\" \/>\n<meta property=\"og:url\" content=\"https:\/\/normisjon.dev11.dekodes.no\/sof\/forside\/engasjer-deg\/bli-med-i-be-gjengen\/\" \/>\n<meta property=\"og:site_name\" content=\"Region Sogn og Fjordane\" \/>\n<meta property=\"article:modified_time\" content=\"2018-06-29T08:49:41+00:00\" \/>\n<meta property=\"og:image\" content=\"https:\/\/normisjon.dev11.dekodes.no\/content\/uploads\/sites\/19\/2018\/06\/3493592912_281d5f451f_o-e1530262165254.jpg\" \/>\n\t<meta property=\"og:image:width\" content=\"1197\" \/>\n\t<meta property=\"og:image:height\" content=\"1068\" \/>\n\t<meta property=\"og:image:type\" content=\"image\/jpeg\" \/>\n<meta name=\"twitter:card\" content=\"summary_large_image\" \/>\n<script type=\"application\/ld+json\" class=\"yoast-schema-graph\">{\"@context\":\"https:\/\/schema.org\",\"@graph\":[{\"@type\":\"WebPage\",\"@id\":\"https:\/\/normisjon.dev11.dekodes.no\/sof\/forside\/engasjer-deg\/bli-med-i-be-gjengen\/\",\"url\":\"https:\/\/normisjon.dev11.dekodes.no\/sof\/forside\/engasjer-deg\/bli-med-i-be-gjengen\/\",\"name\":\"Bli med i Be-gjengen - Region Sogn og Fjordane\",\"isPartOf\":{\"@id\":\"https:\/\/normisjon.dev11.dekodes.no\/sof\/#website\"},\"primaryImageOfPage\":{\"@id\":\"https:\/\/normisjon.dev11.dekodes.no\/sof\/forside\/engasjer-deg\/bli-med-i-be-gjengen\/#primaryimage\"},\"image\":{\"@id\":\"https:\/\/normisjon.dev11.dekodes.no\/sof\/forside\/engasjer-deg\/bli-med-i-be-gjengen\/#primaryimage\"},\"thumbnailUrl\":\"https:\/\/normisjon.dev11.dekodes.no\/content\/uploads\/sites\/19\/2018\/06\/3493592912_281d5f451f_o-e1530262165254.jpg\",\"datePublished\":\"2018-06-29T08:47:51+00:00\",\"dateModified\":\"2018-06-29T08:49:41+00:00\",\"breadcrumb\":{\"@id\":\"https:\/\/normisjon.dev11.dekodes.no\/sof\/forside\/engasjer-deg\/bli-med-i-be-gjengen\/#breadcrumb\"},\"inLanguage\":\"nb-NO\",\"potentialAction\":[{\"@type\":\"ReadAction\",\"target\":[\"https:\/\/normisjon.dev11.dekodes.no\/sof\/forside\/engasjer-deg\/bli-med-i-be-gjengen\/\"]}]},{\"@type\":\"ImageObject\",\"inLanguage\":\"nb-NO\",\"@id\":\"https:\/\/normisjon.dev11.dekodes.no\/sof\/forside\/engasjer-deg\/bli-med-i-be-gjengen\/#primaryimage\",\"url\":\"https:\/\/normisjon.dev11.dekodes.no\/content\/uploads\/sites\/19\/2018\/06\/3493592912_281d5f451f_o-e1530262165254.jpg\",\"contentUrl\":\"https:\/\/normisjon.dev11.dekodes.no\/content\/uploads\/sites\/19\/2018\/06\/3493592912_281d5f451f_o-e1530262165254.jpg\",\"width\":1197,\"height\":1068,\"caption\":\"Foto: andreas http:\/\/bit.ly\/2tP0q0Z\"},{\"@type\":\"BreadcrumbList\",\"@id\":\"https:\/\/normisjon.dev11.dekodes.no\/sof\/forside\/engasjer-deg\/bli-med-i-be-gjengen\/#breadcrumb\",\"itemListElement\":[{\"@type\":\"ListItem\",\"position\":1,\"name\":\"Home\",\"item\":\"https:\/\/normisjon.dev11.dekodes.no\/sof\/\"},{\"@type\":\"ListItem\",\"position\":2,\"name\":\"Forside\",\"item\":\"https:\/\/normisjon.dev11.dekodes.no\/sof\/\"},{\"@type\":\"ListItem\",\"position\":3,\"name\":\"Engasjer deg\",\"item\":\"https:\/\/normisjon.dev11.dekodes.no\/sof\/forside\/engasjer-deg\/\"},{\"@type\":\"ListItem\",\"position\":4,\"name\":\"Bli med i Be-gjengen\"}]},{\"@type\":\"WebSite\",\"@id\":\"https:\/\/normisjon.dev11.dekodes.no\/sof\/#website\",\"url\":\"https:\/\/normisjon.dev11.dekodes.no\/sof\/\",\"name\":\"Region Sogn og Fjordane\",\"description\":\"\",\"potentialAction\":[{\"@type\":\"SearchAction\",\"target\":{\"@type\":\"EntryPoint\",\"urlTemplate\":\"https:\/\/normisjon.dev11.dekodes.no\/sof\/?s={search_term_string}\"},\"query-input\":{\"@type\":\"PropertyValueSpecification\",\"valueRequired\":true,\"valueName\":\"search_term_string\"}}],\"inLanguage\":\"nb-NO\"}]}<\/script>\n<!-- \/ Yoast SEO plugin. -->","yoast_head_json":{"title":"Bli med i Be-gjengen - Region Sogn og Fjordane","robots":{"index":"index","follow":"follow","max-snippet":"max-snippet:-1","max-image-preview":"max-image-preview:large","max-video-preview":"max-video-preview:-1"},"canonical":"https:\/\/normisjon.dev11.dekodes.no\/sof\/forside\/engasjer-deg\/bli-med-i-be-gjengen\/","og_locale":"nb_NO","og_type":"article","og_title":"Bli med i Be-gjengen - Region Sogn og Fjordane","og_description":"Foto: Andreas, Flickr.com Be-gjengen er folk rundt omkring, b\u00e5de ungdomar, vaksne og eldre som tek imot sms eller e-post med b\u00f8neemne fr\u00e5 Normisjon\/Acta Sogn og [&hellip;]","og_url":"https:\/\/normisjon.dev11.dekodes.no\/sof\/forside\/engasjer-deg\/bli-med-i-be-gjengen\/","og_site_name":"Region Sogn og Fjordane","article_modified_time":"2018-06-29T08:49:41+00:00","og_image":[{"width":1197,"height":1068,"url":"https:\/\/normisjon.dev11.dekodes.no\/content\/uploads\/sites\/19\/2018\/06\/3493592912_281d5f451f_o-e1530262165254.jpg","type":"image\/jpeg"}],"twitter_card":"summary_large_image","schema":{"@context":"https:\/\/schema.org","@graph":[{"@type":"WebPage","@id":"https:\/\/normisjon.dev11.dekodes.no\/sof\/forside\/engasjer-deg\/bli-med-i-be-gjengen\/","url":"https:\/\/normisjon.dev11.dekodes.no\/sof\/forside\/engasjer-deg\/bli-med-i-be-gjengen\/","name":"Bli med i Be-gjengen - Region Sogn og Fjordane","isPartOf":{"@id":"https:\/\/normisjon.dev11.dekodes.no\/sof\/#website"},"primaryImageOfPage":{"@id":"https:\/\/normisjon.dev11.dekodes.no\/sof\/forside\/engasjer-deg\/bli-med-i-be-gjengen\/#primaryimage"},"image":{"@id":"https:\/\/normisjon.dev11.dekodes.no\/sof\/forside\/engasjer-deg\/bli-med-i-be-gjengen\/#primaryimage"},"thumbnailUrl":"https:\/\/normisjon.dev11.dekodes.no\/content\/uploads\/sites\/19\/2018\/06\/3493592912_281d5f451f_o-e1530262165254.jpg","datePublished":"2018-06-29T08:47:51+00:00","dateModified":"2018-06-29T08:49:41+00:00","breadcrumb":{"@id":"https:\/\/normisjon.dev11.dekodes.no\/sof\/forside\/engasjer-deg\/bli-med-i-be-gjengen\/#breadcrumb"},"inLanguage":"nb-NO","potentialAction":[{"@type":"ReadAction","target":["https:\/\/normisjon.dev11.dekodes.no\/sof\/forside\/engasjer-deg\/bli-med-i-be-gjengen\/"]}]},{"@type":"ImageObject","inLanguage":"nb-NO","@id":"https:\/\/normisjon.dev11.dekodes.no\/sof\/forside\/engasjer-deg\/bli-med-i-be-gjengen\/#primaryimage","url":"https:\/\/normisjon.dev11.dekodes.no\/content\/uploads\/sites\/19\/2018\/06\/3493592912_281d5f451f_o-e1530262165254.jpg","contentUrl":"https:\/\/normisjon.dev11.dekodes.no\/content\/uploads\/sites\/19\/2018\/06\/3493592912_281d5f451f_o-e1530262165254.jpg","width":1197,"height":1068,"caption":"Foto: andreas http:\/\/bit.ly\/2tP0q0Z"},{"@type":"BreadcrumbList","@id":"https:\/\/normisjon.dev11.dekodes.no\/sof\/forside\/engasjer-deg\/bli-med-i-be-gjengen\/#breadcrumb","itemListElement":[{"@type":"ListItem","position":1,"name":"Home","item":"https:\/\/normisjon.dev11.dekodes.no\/sof\/"},{"@type":"ListItem","position":2,"name":"Forside","item":"https:\/\/normisjon.dev11.dekodes.no\/sof\/"},{"@type":"ListItem","position":3,"name":"Engasjer deg","item":"https:\/\/normisjon.dev11.dekodes.no\/sof\/forside\/engasjer-deg\/"},{"@type":"ListItem","position":4,"name":"Bli med i Be-gjengen"}]},{"@type":"WebSite","@id":"https:\/\/normisjon.dev11.dekodes.no\/sof\/#website","url":"https:\/\/normisjon.dev11.dekodes.no\/sof\/","name":"Region Sogn og Fjordane","description":"","potentialAction":[{"@type":"SearchAction","target":{"@type":"EntryPoint","urlTemplate":"https:\/\/normisjon.dev11.dekodes.no\/sof\/?s={search_term_string}"},"query-input":{"@type":"PropertyValueSpecification","valueRequired":true,"valueName":"search_term_string"}}],"inLanguage":"nb-NO"}]}},"_links":{"self":[{"href":"https:\/\/normisjon.dev11.dekodes.no\/sof\/wp-json\/wp\/v2\/pages\/1209","targetHints":{"allow":["GET"]}}],"collection":[{"href":"https:\/\/normisjon.dev11.dekodes.no\/sof\/wp-json\/wp\/v2\/pages"}],"about":[{"href":"https:\/\/normisjon.dev11.dekodes.no\/sof\/wp-json\/wp\/v2\/types\/page"}],"author":[{"embeddable":true,"href":"https:\/\/normisjon.dev11.dekodes.no\/sof\/wp-json\/wp\/v2\/users\/16"}],"replies":[{"embeddable":true,"href":"https:\/\/normisjon.dev11.dekodes.no\/sof\/wp-json\/wp\/v2\/comments?post=1209"}],"version-history":[{"count":1,"href":"https:\/\/normisjon.dev11.dekodes.no\/sof\/wp-json\/wp\/v2\/pages\/1209\/revisions"}],"predecessor-version":[{"id":1211,"href":"https:\/\/normisjon.dev11.dekodes.no\/sof\/wp-json\/wp\/v2\/pages\/1209\/revisions\/1211"}],"up":[{"embeddable":true,"href":"https:\/\/normisjon.dev11.dekodes.no\/sof\/wp-json\/wp\/v2\/pages\/319"}],"wp:featuredmedia":[{"embeddable":true,"href":"https:\/\/normisjon.dev11.dekodes.no\/sof\/wp-json\/wp\/v2\/media\/1210"}],"wp:attachment":[{"href":"https:\/\/normisjon.dev11.dekodes.no\/sof\/wp-json\/wp\/v2\/media?parent=1209"}],"curies":[{"name":"wp","href":"https:\/\/api.w.org\/{rel}","templated":true}]}}

<div id="module-0" class="hogan-module hogan-module-image hogan-module-0 hogan-image-size-large"><div class="hogan-module-inner"><figure class="wp-caption size-large"><img loading="lazy" decoding="async" width="1024" height="914" src="https://normisjon.dev11.dekodes.no/content/uploads/sites/19/2018/06/3493592912_281d5f451f_o-e1530262165254-1024x914.jpg" class="attachment-large size-large" alt="" srcset="https://normisjon.dev11.dekodes.no/content/uploads/sites/19/2018/06/3493592912_281d5f451f_o-e1530262165254-1024x914.jpg 1024w, https://normisjon.dev11.dekodes.no/content/uploads/sites/19/2018/06/3493592912_281d5f451f_o-e1530262165254-300x268.jpg 300w, https://normisjon.dev11.dekodes.no/content/uploads/sites/19/2018/06/3493592912_281d5f451f_o-e1530262165254-768x685.jpg 768w, https://normisjon.dev11.dekodes.no/content/uploads/sites/19/2018/06/3493592912_281d5f451f_o-e1530262165254-960x857.jpg 960w, https://normisjon.dev11.dekodes.no/content/uploads/sites/19/2018/06/3493592912_281d5f451f_o-e1530262165254.jpg 1197w" sizes="auto, (max-width: 1024px) 100vw, 1024px" /><figcaption class="hogan-caption wp-caption-text">Foto: Andreas, <a href="http://bit.ly/2tP0q0Z">Flickr.com</a>
</figcaption></figure></div></div><div id="module-1" class="hogan-module hogan-module-text hogan-module-1"><div class="hogan-module-inner"><p>Be-gjengen er folk rundt omkring, både ungdomar, vaksne og eldre som tek imot sms eller e-post med bøneemne frå Normisjon/Acta Sogn og Fjordane ca. kvar 2 &#8211; 4 veke. Ein ber for leirarbeidet og anna som skjer i regionen vår.</p>
<p>Bøn er eit svært viktig arbeid i Guds rike. Bli gjerne med!<br />
Send sms til 92 03 12 19 eller e-post til iif@normisjon.no dersom du vil vere med.</p></div></div>

<p>Foto: Andreas, Flickr.com Be-gjengen er folk rundt omkring, både ungdomar, vaksne og eldre som tek imot sms eller e-post med bøneemne frå Normisjon/Acta Sogn og [&hellip;]</p>

<!-- This site is optimized with the Yoast SEO plugin v25.9 - https://yoast.com/wordpress/plugins/seo/ -->
<title>Bli med i Be-gjengen - Region Sogn og Fjordane</title>
<meta name="robots" content="index, follow, max-snippet:-1, max-image-preview:large, max-video-preview:-1" />
<link rel="canonical" href="https://normisjon.dev11.dekodes.no/sof/forside/engasjer-deg/bli-med-i-be-gjengen/" />
<meta property="og:locale" content="nb_NO" />
<meta property="og:type" content="article" />
<meta property="og:title" content="Bli med i Be-gjengen - Region Sogn og Fjordane" />
<meta property="og:description" content="Foto: Andreas, Flickr.com Be-gjengen er folk rundt omkring, både ungdomar, vaksne og eldre som tek imot sms eller e-post med bøneemne frå Normisjon/Acta Sogn og [&hellip;]" />
<meta property="og:url" content="https://normisjon.dev11.dekodes.no/sof/forside/engasjer-deg/bli-med-i-be-gjengen/" />
<meta property="og:site_name" content="Region Sogn og Fjordane" />
<meta property="article:modified_time" content="2018-06-29T08:49:41+00:00" />
<meta property="og:image" content="https://normisjon.dev11.dekodes.no/content/uploads/sites/19/2018/06/3493592912_281d5f451f_o-e1530262165254.jpg" />
	<meta property="og:image:width" content="1197" />
	<meta property="og:image:height" content="1068" />
	<meta property="og:image:type" content="image/jpeg" />
<meta name="twitter:card" content="summary_large_image" />
<script type="application/ld+json" class="yoast-schema-graph">{"@context":"https://schema.org","@graph":[{"@type":"WebPage","@id":"https://normisjon.dev11.dekodes.no/sof/forside/engasjer-deg/bli-med-i-be-gjengen/","url":"https://normisjon.dev11.dekodes.no/sof/forside/engasjer-deg/bli-med-i-be-gjengen/","name":"Bli med i Be-gjengen - Region Sogn og Fjordane","isPartOf":{"@id":"https://normisjon.dev11.dekodes.no/sof/#website"},"primaryImageOfPage":{"@id":"https://normisjon.dev11.dekodes.no/sof/forside/engasjer-deg/bli-med-i-be-gjengen/#primaryimage"},"image":{"@id":"https://normisjon.dev11.dekodes.no/sof/forside/engasjer-deg/bli-med-i-be-gjengen/#primaryimage"},"thumbnailUrl":"https://normisjon.dev11.dekodes.no/content/uploads/sites/19/2018/06/3493592912_281d5f451f_o-e1530262165254.jpg","datePublished":"2018-06-29T08:47:51+00:00","dateModified":"2018-06-29T08:49:41+00:00","breadcrumb":{"@id":"https://normisjon.dev11.dekodes.no/sof/forside/engasjer-deg/bli-med-i-be-gjengen/#breadcrumb"},"inLanguage":"nb-NO","potentialAction":[{"@type":"ReadAction","target":["https://normisjon.dev11.dekodes.no/sof/forside/engasjer-deg/bli-med-i-be-gjengen/"]}]},{"@type":"ImageObject","inLanguage":"nb-NO","@id":"https://normisjon.dev11.dekodes.no/sof/forside/engasjer-deg/bli-med-i-be-gjengen/#primaryimage","url":"https://normisjon.dev11.dekodes.no/content/uploads/sites/19/2018/06/3493592912_281d5f451f_o-e1530262165254.jpg","contentUrl":"https://normisjon.dev11.dekodes.no/content/uploads/sites/19/2018/06/3493592912_281d5f451f_o-e1530262165254.jpg","width":1197,"height":1068,"caption":"Foto: andreas http://bit.ly/2tP0q0Z"},{"@type":"BreadcrumbList","@id":"https://normisjon.dev11.dekodes.no/sof/forside/engasjer-deg/bli-med-i-be-gjengen/#breadcrumb","itemListElement":[{"@type":"ListItem","position":1,"name":"Home","item":"https://normisjon.dev11.dekodes.no/sof/"},{"@type":"ListItem","position":2,"name":"Forside","item":"https://normisjon.dev11.dekodes.no/sof/"},{"@type":"ListItem","position":3,"name":"Engasjer deg","item":"https://normisjon.dev11.dekodes.no/sof/forside/engasjer-deg/"},{"@type":"ListItem","position":4,"name":"Bli med i Be-gjengen"}]},{"@type":"WebSite","@id":"https://normisjon.dev11.dekodes.no/sof/#website","url":"https://normisjon.dev11.dekodes.no/sof/","name":"Region Sogn og Fjordane","description":"","potentialAction":[{"@type":"SearchAction","target":{"@type":"EntryPoint","urlTemplate":"https://normisjon.dev11.dekodes.no/sof/?s={search_term_string}"},"query-input":{"@type":"PropertyValueSpecification","valueRequired":true,"valueName":"search_term_string"}}],"inLanguage":"nb-NO"}]}</script>
<!-- / Yoast SEO plugin. -->

Foto: Andreas, Flickr.com Be-gjengen er folk rundt omkring, både ungdomar, vaksne og eldre som tek imot sms eller e-post med bøneemne frå Normisjon/Acta Sogn og [&hellip;]
